{"id":1731,"date":"2026-02-10T16:52:32","date_gmt":"2026-02-10T16:52:32","guid":{"rendered":"https:\/\/elcharrito.bcardmexico.com\/?post_type=product&#038;p=1731"},"modified":"2026-02-10T16:52:32","modified_gmt":"2026-02-10T16:52:32","slug":"cerveza-negra-modelo-6-pack-lata-355ml","status":"publish","type":"product","link":"https:\/\/elcharrito.bcardmexico.com\/index.php\/product\/cerveza-negra-modelo-6-pack-lata-355ml\/","title":{"rendered":"Cerveza Negra Modelo 6 Pack Lata 355ml"},"content":{"rendered":"<ul class=\"chedrauimx-frontend-applications-5-x-descriptionList\">\n<li class=\"chedrauimx-frontend-applications-5-x-listElement\">Maridaje: Embutidos, panes, cerdo, moles<\/li>\n<li class=\"chedrauimx-frontend-applications-5-x-listElement\">Vista: Ambar intenso, brillante con espuma fina y compacta de tono aperlado.<\/li>\n<li class=\"chedrauimx-frontend-applications-5-x-listElement\">Sabor: Intenso y equilibrado, aroma a caramelo y malta tostada y un sabor con un final poco intenso por su selecci\u00f3n de l\u00fapulo<\/li>\n<li class=\"chedrauimx-frontend-applications-5-x-listElement\">Olor: A notas a malta tostada y caramelo<\/li>\n<\/ul>\n","protected":false},"excerpt":{"rendered":"<div class=\"vtex-flex-layout-0-x-flexColChild vtex-flex-layout-0-x-flexColChild--global__product-center-col pb0\">\n<div class=\"vtex-store-components-3-x-productDescriptionContainer vtex-store-components-3-x-productDescriptionContainer--product-col__description\">\n<h2 class=\"vtex-store-components-3-x-productDescriptionTitle vtex-store-components-3-x-productDescriptionTitle--product-col__description t-heading-5 mb5 mt0\">Informaci\u00f3n<\/h2>\n<div class=\"vtex-store-components-3-x-productDescriptionText vtex-store-components-3-x-productDescriptionText--product-col__description c-muted-1\">\n<div class=\"vtex-store-components-3-x-container vtex-store-components-3-x-container--product-col__description relative\">\n<div class=\"vtex-store-components-3-x-content vtex-store-components-3-x-content--product-col__description h-auto\">\n<div>Negra Modelo, mejor conocida como &#8216;la crema de la cerveza&#8217;, es una cerveza tipo Munich que ofrece un sabor equilibrado y un delicado aroma a malta oscura, caramelo y l\u00fapulo.<\/p>\n<div>\n<b>*La venta de bebidas alcoh\u00f3licas es \u00fanicamente para mayores de edad, se deber\u00e1 presentar identificaci\u00f3n oficial vigente (INE, pasaporte o licencia).<\/b><\/p>\n<p><b>Las im\u00e1genes son \u00fanicamente de referencia, los dise\u00f1os de etiquetas y contenido del producto pueden cambiar sin previo aviso (ml, L, Kg, g, piezas, etc).<\/b><\/div>\n<\/div>\n<\/div>\n<\/div>\n<\/div>\n<\/div>\n<\/div>\n<div class=\"vtex-flex-layout-0-x-flexColChild vtex-flex-layout-0-x-flexColChild--global__product-center-col pb0\">\n<div class=\"flex flex-column pt8\n          chedrauimx-frontend-applications-5-x-containerDescription\"><span class=\"chedrauimx-frontend-applications-5-x-titleDescription\">Caracter\u00edsticas Importantes<\/span><\/div>\n<\/div>\n","protected":false},"featured_media":1732,"comment_status":"open","ping_status":"closed","template":"","meta":[],"etheme_brands":[{"term_id":53,"name":"Modelo","slug":"modelo","term_group":0,"term_taxonomy_id":53,"taxonomy":"brand","description":"","parent":0,"count":1,"filter":"raw"}],"product_brand":[],"product_cat":[52],"product_tag":[],"class_list":{"0":"post-1731","1":"product","2":"type-product","3":"status-publish","4":"has-post-thumbnail","6":"brand-modelo","7":"product_cat-ceveza","9":"first","10":"instock","11":"sale","12":"shipping-taxable","13":"purchasable","14":"product-type-simple"},"yoast_head":"<!-- This site is optimized with the Yoast SEO Premium plugin v23.4 (Yoast SEO v23.4) - https:\/\/yoast.com\/wordpress\/plugins\/seo\/ -->\n<title>Cerveza Negra Modelo 6 Pack Lata 355ml - El charrito<\/title>\n<meta name=\"robots\" content=\"index, follow, max-snippet:-1, max-image-preview:large, max-video-preview:-1\" \/>\n<link rel=\"canonical\" href=\"https:\/\/elcharrito.bcardmexico.com\/index.php\/product\/cerveza-negra-modelo-6-pack-lata-355ml\/\" \/>\n<meta property=\"og:locale\" content=\"es_MX\" \/>\n<meta property=\"og:type\" content=\"article\" \/>\n<meta property=\"og:title\" content=\"Cerveza Negra Modelo 6 Pack Lata 355ml\" \/>\n<meta property=\"og:description\" content=\"Informaci\u00f3n    Negra Modelo, mejor conocida como &#039;la crema de la cerveza&#039;, es una cerveza tipo Munich que ofrece un sabor equilibrado y un delicado aroma a malta oscura, caramelo y l\u00fapulo.  *La venta de bebidas alcoh\u00f3licas es \u00fanicamente para mayores de edad, se deber\u00e1 presentar identificaci\u00f3n oficial vigente (INE, pasaporte o licencia).  Las im\u00e1genes son \u00fanicamente de referencia, los dise\u00f1os de etiquetas y contenido del producto pueden cambiar sin previo aviso (ml, L, Kg, g, piezas, etc).        Caracter\u00edsticas Importantes\" \/>\n<meta property=\"og:url\" content=\"https:\/\/elcharrito.bcardmexico.com\/index.php\/product\/cerveza-negra-modelo-6-pack-lata-355ml\/\" \/>\n<meta property=\"og:site_name\" content=\"El charrito\" \/>\n<meta property=\"og:image\" content=\"https:\/\/elcharrito.bcardmexico.com\/wp-content\/uploads\/2026\/02\/negra-six-modelo.jpg\" \/>\n\t<meta property=\"og:image:width\" content=\"1080\" \/>\n\t<meta property=\"og:image:height\" content=\"1080\" \/>\n\t<meta property=\"og:image:type\" content=\"image\/jpeg\" \/>\n<meta name=\"twitter:card\" content=\"summary_large_image\" \/>\n<meta name=\"twitter:label1\" content=\"Tiempo de lectura\" \/>\n\t<meta name=\"twitter:data1\" content=\"1 minuto\" \/>\n<script type=\"application\/ld+json\" class=\"yoast-schema-graph\">{\"@context\":\"https:\/\/schema.org\",\"@graph\":[{\"@type\":\"WebPage\",\"@id\":\"https:\/\/elcharrito.bcardmexico.com\/index.php\/product\/cerveza-negra-modelo-6-pack-lata-355ml\/\",\"url\":\"https:\/\/elcharrito.bcardmexico.com\/index.php\/product\/cerveza-negra-modelo-6-pack-lata-355ml\/\",\"name\":\"Cerveza Negra Modelo 6 Pack Lata 355ml - El charrito\",\"isPartOf\":{\"@id\":\"https:\/\/elcharrito.bcardmexico.com\/#website\"},\"primaryImageOfPage\":{\"@id\":\"https:\/\/elcharrito.bcardmexico.com\/index.php\/product\/cerveza-negra-modelo-6-pack-lata-355ml\/#primaryimage\"},\"image\":{\"@id\":\"https:\/\/elcharrito.bcardmexico.com\/index.php\/product\/cerveza-negra-modelo-6-pack-lata-355ml\/#primaryimage\"},\"thumbnailUrl\":\"https:\/\/elcharrito.bcardmexico.com\/wp-content\/uploads\/2026\/02\/negra-six-modelo.jpg\",\"datePublished\":\"2026-02-10T16:52:32+00:00\",\"dateModified\":\"2026-02-10T16:52:32+00:00\",\"breadcrumb\":{\"@id\":\"https:\/\/elcharrito.bcardmexico.com\/index.php\/product\/cerveza-negra-modelo-6-pack-lata-355ml\/#breadcrumb\"},\"inLanguage\":\"es\",\"potentialAction\":[{\"@type\":\"ReadAction\",\"target\":[\"https:\/\/elcharrito.bcardmexico.com\/index.php\/product\/cerveza-negra-modelo-6-pack-lata-355ml\/\"]}]},{\"@type\":\"ImageObject\",\"inLanguage\":\"es\",\"@id\":\"https:\/\/elcharrito.bcardmexico.com\/index.php\/product\/cerveza-negra-modelo-6-pack-lata-355ml\/#primaryimage\",\"url\":\"https:\/\/elcharrito.bcardmexico.com\/wp-content\/uploads\/2026\/02\/negra-six-modelo.jpg\",\"contentUrl\":\"https:\/\/elcharrito.bcardmexico.com\/wp-content\/uploads\/2026\/02\/negra-six-modelo.jpg\",\"width\":1080,\"height\":1080},{\"@type\":\"BreadcrumbList\",\"@id\":\"https:\/\/elcharrito.bcardmexico.com\/index.php\/product\/cerveza-negra-modelo-6-pack-lata-355ml\/#breadcrumb\",\"itemListElement\":[{\"@type\":\"ListItem\",\"position\":1,\"name\":\"Inicio\",\"item\":\"https:\/\/elcharrito.bcardmexico.com\/\"},{\"@type\":\"ListItem\",\"position\":2,\"name\":\"Tienda\",\"item\":\"https:\/\/elcharrito.bcardmexico.com\/index.php\/shop\/\"},{\"@type\":\"ListItem\",\"position\":3,\"name\":\"Cerveza Negra Modelo 6 Pack Lata 355ml\"}]},{\"@type\":\"WebSite\",\"@id\":\"https:\/\/elcharrito.bcardmexico.com\/#website\",\"url\":\"https:\/\/elcharrito.bcardmexico.com\/\",\"name\":\"El Charrito\",\"description\":\"Cerca de ti\",\"publisher\":{\"@id\":\"https:\/\/elcharrito.bcardmexico.com\/#organization\"},\"alternateName\":\"El charrito\",\"potentialAction\":[{\"@type\":\"SearchAction\",\"target\":{\"@type\":\"EntryPoint\",\"urlTemplate\":\"https:\/\/elcharrito.bcardmexico.com\/?s={search_term_string}\"},\"query-input\":{\"@type\":\"PropertyValueSpecification\",\"valueRequired\":true,\"valueName\":\"search_term_string\"}}],\"inLanguage\":\"es\"},{\"@type\":\"Organization\",\"@id\":\"https:\/\/elcharrito.bcardmexico.com\/#organization\",\"name\":\"El Charrito\",\"url\":\"https:\/\/elcharrito.bcardmexico.com\/\",\"logo\":{\"@type\":\"ImageObject\",\"inLanguage\":\"es\",\"@id\":\"https:\/\/elcharrito.bcardmexico.com\/#\/schema\/logo\/image\/\",\"url\":\"https:\/\/elcharrito.bcardmexico.com\/wp-content\/uploads\/2022\/06\/Logo-cars-2x.png\",\"contentUrl\":\"https:\/\/elcharrito.bcardmexico.com\/wp-content\/uploads\/2022\/06\/Logo-cars-2x.png\",\"width\":355,\"height\":130,\"caption\":\"El Charrito\"},\"image\":{\"@id\":\"https:\/\/elcharrito.bcardmexico.com\/#\/schema\/logo\/image\/\"}}]}<\/script>\n<!-- \/ Yoast SEO Premium plugin. -->","yoast_head_json":{"title":"Cerveza Negra Modelo 6 Pack Lata 355ml - El charrito","robots":{"index":"index","follow":"follow","max-snippet":"max-snippet:-1","max-image-preview":"max-image-preview:large","max-video-preview":"max-video-preview:-1"},"canonical":"https:\/\/elcharrito.bcardmexico.com\/index.php\/product\/cerveza-negra-modelo-6-pack-lata-355ml\/","og_locale":"es_MX","og_type":"article","og_title":"Cerveza Negra Modelo 6 Pack Lata 355ml","og_description":"Informaci\u00f3n    Negra Modelo, mejor conocida como 'la crema de la cerveza', es una cerveza tipo Munich que ofrece un sabor equilibrado y un delicado aroma a malta oscura, caramelo y l\u00fapulo.  *La venta de bebidas alcoh\u00f3licas es \u00fanicamente para mayores de edad, se deber\u00e1 presentar identificaci\u00f3n oficial vigente (INE, pasaporte o licencia).  Las im\u00e1genes son \u00fanicamente de referencia, los dise\u00f1os de etiquetas y contenido del producto pueden cambiar sin previo aviso (ml, L, Kg, g, piezas, etc).        Caracter\u00edsticas Importantes","og_url":"https:\/\/elcharrito.bcardmexico.com\/index.php\/product\/cerveza-negra-modelo-6-pack-lata-355ml\/","og_site_name":"El charrito","og_image":[{"width":1080,"height":1080,"url":"https:\/\/elcharrito.bcardmexico.com\/wp-content\/uploads\/2026\/02\/negra-six-modelo.jpg","type":"image\/jpeg"}],"twitter_card":"summary_large_image","twitter_misc":{"Tiempo de lectura":"1 minuto"},"schema":{"@context":"https:\/\/schema.org","@graph":[{"@type":"WebPage","@id":"https:\/\/elcharrito.bcardmexico.com\/index.php\/product\/cerveza-negra-modelo-6-pack-lata-355ml\/","url":"https:\/\/elcharrito.bcardmexico.com\/index.php\/product\/cerveza-negra-modelo-6-pack-lata-355ml\/","name":"Cerveza Negra Modelo 6 Pack Lata 355ml - El charrito","isPartOf":{"@id":"https:\/\/elcharrito.bcardmexico.com\/#website"},"primaryImageOfPage":{"@id":"https:\/\/elcharrito.bcardmexico.com\/index.php\/product\/cerveza-negra-modelo-6-pack-lata-355ml\/#primaryimage"},"image":{"@id":"https:\/\/elcharrito.bcardmexico.com\/index.php\/product\/cerveza-negra-modelo-6-pack-lata-355ml\/#primaryimage"},"thumbnailUrl":"https:\/\/elcharrito.bcardmexico.com\/wp-content\/uploads\/2026\/02\/negra-six-modelo.jpg","datePublished":"2026-02-10T16:52:32+00:00","dateModified":"2026-02-10T16:52:32+00:00","breadcrumb":{"@id":"https:\/\/elcharrito.bcardmexico.com\/index.php\/product\/cerveza-negra-modelo-6-pack-lata-355ml\/#breadcrumb"},"inLanguage":"es","potentialAction":[{"@type":"ReadAction","target":["https:\/\/elcharrito.bcardmexico.com\/index.php\/product\/cerveza-negra-modelo-6-pack-lata-355ml\/"]}]},{"@type":"ImageObject","inLanguage":"es","@id":"https:\/\/elcharrito.bcardmexico.com\/index.php\/product\/cerveza-negra-modelo-6-pack-lata-355ml\/#primaryimage","url":"https:\/\/elcharrito.bcardmexico.com\/wp-content\/uploads\/2026\/02\/negra-six-modelo.jpg","contentUrl":"https:\/\/elcharrito.bcardmexico.com\/wp-content\/uploads\/2026\/02\/negra-six-modelo.jpg","width":1080,"height":1080},{"@type":"BreadcrumbList","@id":"https:\/\/elcharrito.bcardmexico.com\/index.php\/product\/cerveza-negra-modelo-6-pack-lata-355ml\/#breadcrumb","itemListElement":[{"@type":"ListItem","position":1,"name":"Inicio","item":"https:\/\/elcharrito.bcardmexico.com\/"},{"@type":"ListItem","position":2,"name":"Tienda","item":"https:\/\/elcharrito.bcardmexico.com\/index.php\/shop\/"},{"@type":"ListItem","position":3,"name":"Cerveza Negra Modelo 6 Pack Lata 355ml"}]},{"@type":"WebSite","@id":"https:\/\/elcharrito.bcardmexico.com\/#website","url":"https:\/\/elcharrito.bcardmexico.com\/","name":"El Charrito","description":"Cerca de ti","publisher":{"@id":"https:\/\/elcharrito.bcardmexico.com\/#organization"},"alternateName":"El charrito","potentialAction":[{"@type":"SearchAction","target":{"@type":"EntryPoint","urlTemplate":"https:\/\/elcharrito.bcardmexico.com\/?s={search_term_string}"},"query-input":{"@type":"PropertyValueSpecification","valueRequired":true,"valueName":"search_term_string"}}],"inLanguage":"es"},{"@type":"Organization","@id":"https:\/\/elcharrito.bcardmexico.com\/#organization","name":"El Charrito","url":"https:\/\/elcharrito.bcardmexico.com\/","logo":{"@type":"ImageObject","inLanguage":"es","@id":"https:\/\/elcharrito.bcardmexico.com\/#\/schema\/logo\/image\/","url":"https:\/\/elcharrito.bcardmexico.com\/wp-content\/uploads\/2022\/06\/Logo-cars-2x.png","contentUrl":"https:\/\/elcharrito.bcardmexico.com\/wp-content\/uploads\/2022\/06\/Logo-cars-2x.png","width":355,"height":130,"caption":"El Charrito"},"image":{"@id":"https:\/\/elcharrito.bcardmexico.com\/#\/schema\/logo\/image\/"}}]}},"_links":{"self":[{"href":"https:\/\/elcharrito.bcardmexico.com\/index.php\/wp-json\/wp\/v2\/product\/1731","targetHints":{"allow":["GET"]}}],"collection":[{"href":"https:\/\/elcharrito.bcardmexico.com\/index.php\/wp-json\/wp\/v2\/product"}],"about":[{"href":"https:\/\/elcharrito.bcardmexico.com\/index.php\/wp-json\/wp\/v2\/types\/product"}],"replies":[{"embeddable":true,"href":"https:\/\/elcharrito.bcardmexico.com\/index.php\/wp-json\/wp\/v2\/comments?post=1731"}],"version-history":[{"count":1,"href":"https:\/\/elcharrito.bcardmexico.com\/index.php\/wp-json\/wp\/v2\/product\/1731\/revisions"}],"predecessor-version":[{"id":1733,"href":"https:\/\/elcharrito.bcardmexico.com\/index.php\/wp-json\/wp\/v2\/product\/1731\/revisions\/1733"}],"wp:featuredmedia":[{"embeddable":true,"href":"https:\/\/elcharrito.bcardmexico.com\/index.php\/wp-json\/wp\/v2\/media\/1732"}],"wp:attachment":[{"href":"https:\/\/elcharrito.bcardmexico.com\/index.php\/wp-json\/wp\/v2\/media?parent=1731"}],"wp:term":[{"taxonomy":"brand","embeddable":true,"href":"https:\/\/elcharrito.bcardmexico.com\/index.php\/wp-json\/wp\/v2\/etheme_brands?post=1731"},{"taxonomy":"product_brand","embeddable":true,"href":"https:\/\/elcharrito.bcardmexico.com\/index.php\/wp-json\/wp\/v2\/product_brand?post=1731"},{"taxonomy":"product_cat","embeddable":true,"href":"https:\/\/elcharrito.bcardmexico.com\/index.php\/wp-json\/wp\/v2\/product_cat?post=1731"},{"taxonomy":"product_tag","embeddable":true,"href":"https:\/\/elcharrito.bcardmexico.com\/index.php\/wp-json\/wp\/v2\/product_tag?post=1731"}],"curies":[{"name":"wp","href":"https:\/\/api.w.org\/{rel}","templated":true}]}}