{"id":1723,"date":"2026-02-10T16:45:26","date_gmt":"2026-02-10T16:45:26","guid":{"rendered":"https:\/\/elcharrito.bcardmexico.com\/?post_type=product&#038;p=1723"},"modified":"2026-02-10T16:45:28","modified_gmt":"2026-02-10T16:45:28","slug":"johnnie-walker-etiqueta-roja-700ml","status":"publish","type":"product","link":"https:\/\/elcharrito.bcardmexico.com\/index.php\/product\/johnnie-walker-etiqueta-roja-700ml\/","title":{"rendered":"Johnnie Walker Etiqueta Roja (700ml)"},"content":{"rendered":"","protected":false},"excerpt":{"rendered":"<p>Constituye la bebida de mayor consumo a nivel mundial de los\u00a0<em>whiskies<\/em>\u00a0de la casa\u00a0<em>Walker<\/em>, simplemente es la personificaci\u00f3n del arte por lo cual la gente lo prefiere sobre cualquier otro en su g\u00e9nero.<\/p>\n<p>Disfruta de este whisky ya sea mezclado o solo, en su presentaci\u00f3n de 700ml.<\/p>\n","protected":false},"featured_media":1724,"comment_status":"open","ping_status":"closed","template":"","meta":[],"etheme_brands":[{"term_id":51,"name":"Jhonny","slug":"jhonny","term_group":0,"term_taxonomy_id":51,"taxonomy":"brand","description":"","parent":0,"count":1,"filter":"raw"}],"product_brand":[],"product_cat":[50],"product_tag":[],"class_list":{"0":"post-1723","1":"product","2":"type-product","3":"status-publish","4":"has-post-thumbnail","6":"brand-jhonny","7":"product_cat-licores","9":"first","10":"instock","11":"shipping-taxable","12":"purchasable","13":"product-type-simple"},"yoast_head":"<!-- This site is optimized with the Yoast SEO Premium plugin v23.4 (Yoast SEO v23.4) - https:\/\/yoast.com\/wordpress\/plugins\/seo\/ -->\n<title>Johnnie Walker Etiqueta Roja (700ml) - El charrito<\/title>\n<meta name=\"robots\" content=\"index, follow, max-snippet:-1, max-image-preview:large, max-video-preview:-1\" \/>\n<link rel=\"canonical\" href=\"https:\/\/elcharrito.bcardmexico.com\/index.php\/product\/johnnie-walker-etiqueta-roja-700ml\/\" \/>\n<meta property=\"og:locale\" content=\"es_MX\" \/>\n<meta property=\"og:type\" content=\"article\" \/>\n<meta property=\"og:title\" content=\"Johnnie Walker Etiqueta Roja (700ml)\" \/>\n<meta property=\"og:description\" content=\"Constituye la bebida de mayor consumo a nivel mundial de los\u00a0whiskies\u00a0de la casa\u00a0Walker, simplemente es la personificaci\u00f3n del arte por lo cual la gente lo prefiere sobre cualquier otro en su g\u00e9nero.  Disfruta de este whisky ya sea mezclado o solo, en su presentaci\u00f3n de 700ml.\" \/>\n<meta property=\"og:url\" content=\"https:\/\/elcharrito.bcardmexico.com\/index.php\/product\/johnnie-walker-etiqueta-roja-700ml\/\" \/>\n<meta property=\"og:site_name\" content=\"El charrito\" \/>\n<meta property=\"article:modified_time\" content=\"2026-02-10T16:45:28+00:00\" \/>\n<meta property=\"og:image\" content=\"https:\/\/elcharrito.bcardmexico.com\/wp-content\/uploads\/2026\/02\/red-lab.jpg\" \/>\n\t<meta property=\"og:image:width\" content=\"1080\" \/>\n\t<meta property=\"og:image:height\" content=\"1080\" \/>\n\t<meta property=\"og:image:type\" content=\"image\/jpeg\" \/>\n<meta name=\"twitter:card\" content=\"summary_large_image\" \/>\n<meta name=\"twitter:label1\" content=\"Tiempo de lectura\" \/>\n\t<meta name=\"twitter:data1\" content=\"1 minuto\" \/>\n<script type=\"application\/ld+json\" class=\"yoast-schema-graph\">{\"@context\":\"https:\/\/schema.org\",\"@graph\":[{\"@type\":\"WebPage\",\"@id\":\"https:\/\/elcharrito.bcardmexico.com\/index.php\/product\/johnnie-walker-etiqueta-roja-700ml\/\",\"url\":\"https:\/\/elcharrito.bcardmexico.com\/index.php\/product\/johnnie-walker-etiqueta-roja-700ml\/\",\"name\":\"Johnnie Walker Etiqueta Roja (700ml) - El charrito\",\"isPartOf\":{\"@id\":\"https:\/\/elcharrito.bcardmexico.com\/#website\"},\"primaryImageOfPage\":{\"@id\":\"https:\/\/elcharrito.bcardmexico.com\/index.php\/product\/johnnie-walker-etiqueta-roja-700ml\/#primaryimage\"},\"image\":{\"@id\":\"https:\/\/elcharrito.bcardmexico.com\/index.php\/product\/johnnie-walker-etiqueta-roja-700ml\/#primaryimage\"},\"thumbnailUrl\":\"https:\/\/elcharrito.bcardmexico.com\/wp-content\/uploads\/2026\/02\/red-lab.jpg\",\"datePublished\":\"2026-02-10T16:45:26+00:00\",\"dateModified\":\"2026-02-10T16:45:28+00:00\",\"breadcrumb\":{\"@id\":\"https:\/\/elcharrito.bcardmexico.com\/index.php\/product\/johnnie-walker-etiqueta-roja-700ml\/#breadcrumb\"},\"inLanguage\":\"es\",\"potentialAction\":[{\"@type\":\"ReadAction\",\"target\":[\"https:\/\/elcharrito.bcardmexico.com\/index.php\/product\/johnnie-walker-etiqueta-roja-700ml\/\"]}]},{\"@type\":\"ImageObject\",\"inLanguage\":\"es\",\"@id\":\"https:\/\/elcharrito.bcardmexico.com\/index.php\/product\/johnnie-walker-etiqueta-roja-700ml\/#primaryimage\",\"url\":\"https:\/\/elcharrito.bcardmexico.com\/wp-content\/uploads\/2026\/02\/red-lab.jpg\",\"contentUrl\":\"https:\/\/elcharrito.bcardmexico.com\/wp-content\/uploads\/2026\/02\/red-lab.jpg\",\"width\":1080,\"height\":1080},{\"@type\":\"BreadcrumbList\",\"@id\":\"https:\/\/elcharrito.bcardmexico.com\/index.php\/product\/johnnie-walker-etiqueta-roja-700ml\/#breadcrumb\",\"itemListElement\":[{\"@type\":\"ListItem\",\"position\":1,\"name\":\"Inicio\",\"item\":\"https:\/\/elcharrito.bcardmexico.com\/\"},{\"@type\":\"ListItem\",\"position\":2,\"name\":\"Tienda\",\"item\":\"https:\/\/elcharrito.bcardmexico.com\/index.php\/shop\/\"},{\"@type\":\"ListItem\",\"position\":3,\"name\":\"Johnnie Walker Etiqueta Roja (700ml)\"}]},{\"@type\":\"WebSite\",\"@id\":\"https:\/\/elcharrito.bcardmexico.com\/#website\",\"url\":\"https:\/\/elcharrito.bcardmexico.com\/\",\"name\":\"El Charrito\",\"description\":\"Cerca de ti\",\"publisher\":{\"@id\":\"https:\/\/elcharrito.bcardmexico.com\/#organization\"},\"alternateName\":\"El charrito\",\"potentialAction\":[{\"@type\":\"SearchAction\",\"target\":{\"@type\":\"EntryPoint\",\"urlTemplate\":\"https:\/\/elcharrito.bcardmexico.com\/?s={search_term_string}\"},\"query-input\":{\"@type\":\"PropertyValueSpecification\",\"valueRequired\":true,\"valueName\":\"search_term_string\"}}],\"inLanguage\":\"es\"},{\"@type\":\"Organization\",\"@id\":\"https:\/\/elcharrito.bcardmexico.com\/#organization\",\"name\":\"El Charrito\",\"url\":\"https:\/\/elcharrito.bcardmexico.com\/\",\"logo\":{\"@type\":\"ImageObject\",\"inLanguage\":\"es\",\"@id\":\"https:\/\/elcharrito.bcardmexico.com\/#\/schema\/logo\/image\/\",\"url\":\"https:\/\/elcharrito.bcardmexico.com\/wp-content\/uploads\/2022\/06\/Logo-cars-2x.png\",\"contentUrl\":\"https:\/\/elcharrito.bcardmexico.com\/wp-content\/uploads\/2022\/06\/Logo-cars-2x.png\",\"width\":355,\"height\":130,\"caption\":\"El Charrito\"},\"image\":{\"@id\":\"https:\/\/elcharrito.bcardmexico.com\/#\/schema\/logo\/image\/\"}}]}<\/script>\n<!-- \/ Yoast SEO Premium plugin. -->","yoast_head_json":{"title":"Johnnie Walker Etiqueta Roja (700ml) - El charrito","robots":{"index":"index","follow":"follow","max-snippet":"max-snippet:-1","max-image-preview":"max-image-preview:large","max-video-preview":"max-video-preview:-1"},"canonical":"https:\/\/elcharrito.bcardmexico.com\/index.php\/product\/johnnie-walker-etiqueta-roja-700ml\/","og_locale":"es_MX","og_type":"article","og_title":"Johnnie Walker Etiqueta Roja (700ml)","og_description":"Constituye la bebida de mayor consumo a nivel mundial de los\u00a0whiskies\u00a0de la casa\u00a0Walker, simplemente es la personificaci\u00f3n del arte por lo cual la gente lo prefiere sobre cualquier otro en su g\u00e9nero.  Disfruta de este whisky ya sea mezclado o solo, en su presentaci\u00f3n de 700ml.","og_url":"https:\/\/elcharrito.bcardmexico.com\/index.php\/product\/johnnie-walker-etiqueta-roja-700ml\/","og_site_name":"El charrito","article_modified_time":"2026-02-10T16:45:28+00:00","og_image":[{"width":1080,"height":1080,"url":"https:\/\/elcharrito.bcardmexico.com\/wp-content\/uploads\/2026\/02\/red-lab.jpg","type":"image\/jpeg"}],"twitter_card":"summary_large_image","twitter_misc":{"Tiempo de lectura":"1 minuto"},"schema":{"@context":"https:\/\/schema.org","@graph":[{"@type":"WebPage","@id":"https:\/\/elcharrito.bcardmexico.com\/index.php\/product\/johnnie-walker-etiqueta-roja-700ml\/","url":"https:\/\/elcharrito.bcardmexico.com\/index.php\/product\/johnnie-walker-etiqueta-roja-700ml\/","name":"Johnnie Walker Etiqueta Roja (700ml) - El charrito","isPartOf":{"@id":"https:\/\/elcharrito.bcardmexico.com\/#website"},"primaryImageOfPage":{"@id":"https:\/\/elcharrito.bcardmexico.com\/index.php\/product\/johnnie-walker-etiqueta-roja-700ml\/#primaryimage"},"image":{"@id":"https:\/\/elcharrito.bcardmexico.com\/index.php\/product\/johnnie-walker-etiqueta-roja-700ml\/#primaryimage"},"thumbnailUrl":"https:\/\/elcharrito.bcardmexico.com\/wp-content\/uploads\/2026\/02\/red-lab.jpg","datePublished":"2026-02-10T16:45:26+00:00","dateModified":"2026-02-10T16:45:28+00:00","breadcrumb":{"@id":"https:\/\/elcharrito.bcardmexico.com\/index.php\/product\/johnnie-walker-etiqueta-roja-700ml\/#breadcrumb"},"inLanguage":"es","potentialAction":[{"@type":"ReadAction","target":["https:\/\/elcharrito.bcardmexico.com\/index.php\/product\/johnnie-walker-etiqueta-roja-700ml\/"]}]},{"@type":"ImageObject","inLanguage":"es","@id":"https:\/\/elcharrito.bcardmexico.com\/index.php\/product\/johnnie-walker-etiqueta-roja-700ml\/#primaryimage","url":"https:\/\/elcharrito.bcardmexico.com\/wp-content\/uploads\/2026\/02\/red-lab.jpg","contentUrl":"https:\/\/elcharrito.bcardmexico.com\/wp-content\/uploads\/2026\/02\/red-lab.jpg","width":1080,"height":1080},{"@type":"BreadcrumbList","@id":"https:\/\/elcharrito.bcardmexico.com\/index.php\/product\/johnnie-walker-etiqueta-roja-700ml\/#breadcrumb","itemListElement":[{"@type":"ListItem","position":1,"name":"Inicio","item":"https:\/\/elcharrito.bcardmexico.com\/"},{"@type":"ListItem","position":2,"name":"Tienda","item":"https:\/\/elcharrito.bcardmexico.com\/index.php\/shop\/"},{"@type":"ListItem","position":3,"name":"Johnnie Walker Etiqueta Roja (700ml)"}]},{"@type":"WebSite","@id":"https:\/\/elcharrito.bcardmexico.com\/#website","url":"https:\/\/elcharrito.bcardmexico.com\/","name":"El Charrito","description":"Cerca de ti","publisher":{"@id":"https:\/\/elcharrito.bcardmexico.com\/#organization"},"alternateName":"El charrito","potentialAction":[{"@type":"SearchAction","target":{"@type":"EntryPoint","urlTemplate":"https:\/\/elcharrito.bcardmexico.com\/?s={search_term_string}"},"query-input":{"@type":"PropertyValueSpecification","valueRequired":true,"valueName":"search_term_string"}}],"inLanguage":"es"},{"@type":"Organization","@id":"https:\/\/elcharrito.bcardmexico.com\/#organization","name":"El Charrito","url":"https:\/\/elcharrito.bcardmexico.com\/","logo":{"@type":"ImageObject","inLanguage":"es","@id":"https:\/\/elcharrito.bcardmexico.com\/#\/schema\/logo\/image\/","url":"https:\/\/elcharrito.bcardmexico.com\/wp-content\/uploads\/2022\/06\/Logo-cars-2x.png","contentUrl":"https:\/\/elcharrito.bcardmexico.com\/wp-content\/uploads\/2022\/06\/Logo-cars-2x.png","width":355,"height":130,"caption":"El Charrito"},"image":{"@id":"https:\/\/elcharrito.bcardmexico.com\/#\/schema\/logo\/image\/"}}]}},"_links":{"self":[{"href":"https:\/\/elcharrito.bcardmexico.com\/index.php\/wp-json\/wp\/v2\/product\/1723","targetHints":{"allow":["GET"]}}],"collection":[{"href":"https:\/\/elcharrito.bcardmexico.com\/index.php\/wp-json\/wp\/v2\/product"}],"about":[{"href":"https:\/\/elcharrito.bcardmexico.com\/index.php\/wp-json\/wp\/v2\/types\/product"}],"replies":[{"embeddable":true,"href":"https:\/\/elcharrito.bcardmexico.com\/index.php\/wp-json\/wp\/v2\/comments?post=1723"}],"version-history":[{"count":2,"href":"https:\/\/elcharrito.bcardmexico.com\/index.php\/wp-json\/wp\/v2\/product\/1723\/revisions"}],"predecessor-version":[{"id":1726,"href":"https:\/\/elcharrito.bcardmexico.com\/index.php\/wp-json\/wp\/v2\/product\/1723\/revisions\/1726"}],"wp:featuredmedia":[{"embeddable":true,"href":"https:\/\/elcharrito.bcardmexico.com\/index.php\/wp-json\/wp\/v2\/media\/1724"}],"wp:attachment":[{"href":"https:\/\/elcharrito.bcardmexico.com\/index.php\/wp-json\/wp\/v2\/media?parent=1723"}],"wp:term":[{"taxonomy":"brand","embeddable":true,"href":"https:\/\/elcharrito.bcardmexico.com\/index.php\/wp-json\/wp\/v2\/etheme_brands?post=1723"},{"taxonomy":"product_brand","embeddable":true,"href":"https:\/\/elcharrito.bcardmexico.com\/index.php\/wp-json\/wp\/v2\/product_brand?post=1723"},{"taxonomy":"product_cat","embeddable":true,"href":"https:\/\/elcharrito.bcardmexico.com\/index.php\/wp-json\/wp\/v2\/product_cat?post=1723"},{"taxonomy":"product_tag","embeddable":true,"href":"https:\/\/elcharrito.bcardmexico.com\/index.php\/wp-json\/wp\/v2\/product_tag?post=1723"}],"curies":[{"name":"wp","href":"https:\/\/api.w.org\/{rel}","templated":true}]}}